{"id":11950,"date":"2019-12-17T20:56:59","date_gmt":"2019-12-17T19:56:59","guid":{"rendered":"https:\/\/deine-ernaehrung.de\/ausbildung\/?page_id=11950"},"modified":"2023-07-24T21:17:14","modified_gmt":"2023-07-24T19:17:14","slug":"fernausbildungsvertrag","status":"publish","type":"page","link":"https:\/\/deine-ernaehrung.de\/ausbildung\/fernausbildungsvertrag\/","title":{"rendered":"Fernausbildungsvertrag"},"content":{"rendered":"<p>[et_pb_section fb_built=&#8220;1&#8243; custom_padding_last_edited=&#8220;on|desktop&#8220; admin_label=&#8220;section&#8220; module_id=&#8220;pakete&#8220; module_class=&#8220;pakete&#8220; _builder_version=&#8220;4.16&#8243; background_color=&#8220;#f7f8fa&#8220; custom_padding=&#8220;||70px|&#8220; custom_padding_tablet=&#8220;50px|0|50px|0&#8243; custom_padding_phone=&#8220;&#8220; animation_style=&#8220;slide&#8220; animation_direction=&#8220;bottom&#8220; animation_intensity_slide=&#8220;1%&#8220; custom_css_main_element=&#8220;border-bottom: 1px #D7DCE1;&#8220; global_colors_info=&#8220;{}&#8220;][et_pb_row column_padding_mobile=&#8220;on&#8220; custom_padding_last_edited=&#8220;on|tablet&#8220; admin_label=&#8220;row&#8220; _builder_version=&#8220;4.16&#8243; background_size=&#8220;initial&#8220; background_position=&#8220;top_left&#8220; background_repeat=&#8220;repeat&#8220; custom_padding=&#8220;4px||50px|||&#8220; custom_padding_tablet=&#8220;73px|||&#8220; custom_padding_phone=&#8220;&#8220; global_colors_info=&#8220;{}&#8220;][et_pb_column type=&#8220;4_4&#8243; _builder_version=&#8220;4.16&#8243; custom_padding=&#8220;|||&#8220; global_colors_info=&#8220;{}&#8220; custom_padding__hover=&#8220;|||&#8220;][et_pb_text _builder_version=&#8220;4.21.0&#8243; text_font=&#8220;circe|700||on|||||&#8220; text_text_color=&#8220;#323b40&#8243; text_font_size=&#8220;48&#8243; text_letter_spacing=&#8220;1px&#8220; header_font=&#8220;circe||||||||&#8220; background_size=&#8220;initial&#8220; background_position=&#8220;top_left&#8220; background_repeat=&#8220;repeat&#8220; text_orientation=&#8220;center&#8220; module_alignment=&#8220;center&#8220; custom_margin=&#8220;||0px|&#8220; custom_padding=&#8220;||0px|&#8220; global_colors_info=&#8220;{}&#8220;]<\/p>\n<p class=\"p1\">Fernausbildungsvertrag<\/p>\n<p>[\/et_pb_text][\/et_pb_column][\/et_pb_row][et_pb_row use_custom_gutter=&#8220;on&#8220; gutter_width=&#8220;2&#8243; custom_padding_last_edited=&#8220;on|tablet&#8220; admin_label=&#8220;Row&#8220; _builder_version=&#8220;4.16&#8243; background_color=&#8220;#ffffff&#8220; background_size=&#8220;initial&#8220; background_position=&#8220;top_left&#8220; background_repeat=&#8220;repeat&#8220; max_width=&#8220;916px&#8220; custom_margin=&#8220;|||&#8220; custom_padding=&#8220;30px||0px|&#8220; custom_padding_tablet=&#8220;0px|||&#8220; custom_padding_phone=&#8220;&#8220; custom_css_main_element=&#8220;box-shadow: 0px 0px 20px rgba(0,0,0,0.2);||border-radius: 7px;&#8220; use_custom_width=&#8220;on&#8220; custom_width_px=&#8220;916px&#8220; global_colors_info=&#8220;{}&#8220;][et_pb_column type=&#8220;4_4&#8243; _builder_version=&#8220;4.16&#8243; custom_padding=&#8220;|50px|100px|50px&#8220; custom_padding_tablet=&#8220;0px|||&#8220; custom_padding_phone=&#8220;&#8220; custom_padding_last_edited=&#8220;on|tablet&#8220; custom_css_before=&#8220;||&#8220; global_colors_info=&#8220;{}&#8220; custom_padding__hover=&#8220;|||&#8220;][et_pb_text _builder_version=&#8220;4.21.0&#8243; text_font=&#8220;Source Sans Pro|300|||||||&#8220; text_text_color=&#8220;#5d666c&#8220; text_font_size=&#8220;19px&#8220; text_line_height=&#8220;1.3em&#8220; background_size=&#8220;initial&#8220; background_position=&#8220;top_left&#8220; background_repeat=&#8220;repeat&#8220; module_alignment=&#8220;center&#8220; custom_margin=&#8220;40px||0px|&#8220; custom_padding=&#8220;|30px||30px|false|true&#8220; hover_enabled=&#8220;0&#8243; global_colors_info=&#8220;{}&#8220; sticky_enabled=&#8220;0&#8243;]<\/p>\n<h4><strong>1. Inhalt und Dauer der Fernausbildung<\/strong><\/h4>\n<p class=\"p2\">Gegenstand der Fernausbildung \u201eErn\u00e4hrungsberater\/in (Schwerpunkt roh vegan)\u201c sind 28 Lehrbriefe, die in den sechs Ausbildungsmodulen enthalten sind und ein Praxisbuch. Die Ausbildungssprache ist Deutsch. Die Ausbildung ist staatlich zugelassen unter der ZFU Zulassungsnummer 7325618. Folgende Themenbereiche sind abgedeckt:<\/p>\n<ul>\n<li class=\"p2\">Ern\u00e4hrung des Menschen, von der Urzeit zur Industrienahrung<\/li>\n<li class=\"p2\">Anatomie des Menschen, verschiedene K\u00f6rpersysteme<\/li>\n<li class=\"p2\">Stoffwechselvorg\u00e4nge im K\u00f6rper<\/li>\n<li class=\"p2\">Makro- und Mikron\u00e4hrstoffe \u2013 Was n\u00e4hrt den Menschen?<\/li>\n<li class=\"p2\">Zusammenhang zwischen Krankheiten und Ern\u00e4hrung und ganzheitliche Ma\u00dfnahmen<\/li>\n<li class=\"p2\">Optimale Ern\u00e4hrung \u2013 verschiedene Lebensphasen &#8211; Somatische Intelligenz<\/li>\n<li class=\"p2\">Ern\u00e4hrungsberatungsmethodik und Fallbeispiele<\/li>\n<\/ul>\n<p class=\"p2\">Neben den Ausbildungsmodulen, die weitgehend die theoretischen Ausbildungsinhalte abdecken, wird im Praxisbuch w\u00e4hrend der Ausbildungszeit das n\u00f6tige Praxiswissen inklusive praktischer Zubereitungsanleitungen vermittelt.<\/p>\n<ul>\n<li class=\"p2\">Rohkost im Alltag, Alltagstaugliche roh-vegane Rezepte<\/li>\n<li class=\"p2\">Umstiegsmethoden von konventioneller auf roh-vegane Ern\u00e4hrung<\/li>\n<li class=\"p2\">Somatische Intelligenz im Alltag<\/li>\n<li class=\"p2\">Lebensmittelkunde<\/li>\n<\/ul>\n<p class=\"p2\">Die Ausbildungsdauer betr\u00e4gt je nach Lernaufwand und Vorbildung durchschnittlich 8 &#8211; 12 Monate. Nach Anmeldung und erstem Zahlungseingang erfolgt Zugriff zum Onlinecampus und der Versand der Ausbildungsunterlagen. Zur Lernkontrolle befinden sich am Ende eines jeden Lehrbriefs Fragen, welche alle Ausbildungsziele abdecken. Musterl\u00f6sungen sind im Fragen &amp; Antworten-Katalog bzw. als Testergebnis der Online-Lernerfolgskontrolle verfu\u0308gbar.<\/p>\n<h4 class=\"p1\"><strong>2. Art und Geltung des Ausbildungsabschlusses<\/strong><\/h4>\n<p class=\"p2\">Die Fernausbildung bereitet auf die Abschlusspru\u0308fung vor. Die Pru\u0308fung besteht aus zwei Teilen: Einem Online-Multiple-Choice-Test und einer Fallbearbeitung. Bei Bestehen wird ein Abschlusszertifikat ausgestellt.<\/p>\n<p class=\"p2\">Hinweis: \u00d6sterreichische Teilnehmer erhalten auf Wunsch ein Zertifikat als Ern\u00e4hrungstrainer (Schwerpunkt\u00a0Rohkost), weil der Begriff Ern\u00e4hrungsberater in \u00d6stereich gesetzlich geschu\u0308tzt ist.<\/p>\n<h4 class=\"p1\"><strong>3. Lieferung des Lernmaterials<\/strong><\/h4>\n<p class=\"p2\">Zugang zum Online-Campus erfolgt nach Zahlungseingang der ersten Rate, in der Regel automatisch und\u00a0direkt nach Zahlungsbest\u00e4tigung im Internet. Fu\u0308r den Onlinezugriff auf die Lernmaterialien ben\u00f6tigt die\/der\u00a0Teilnehmende einen Zugang zum Internet und ein Ger\u00e4t zum Betrachten von Internetinhalten (PC, Laptop,\u00a0Tablet, Smartphone mit herk\u00f6mmlichem Internetbrowser).<\/p>\n<p class=\"p2\">Mit dem Zahlungseingang der ersten Rate werden die Modulhefte und das Praxisbuch digital freigeschaltet und per Post versandt.<\/p>\n<h4 class=\"p1\"><strong>4. Kosten der Ausbildung<\/strong><\/h4>\n<p class=\"p2\">Die Gesamtkosten der Ausbildung zum Ern\u00e4hrungsberater (Schwerpunkt roh vegan) in der zertifizierten Online-Variante, inklusive aller Lehrmaterialien in gedruckter Form betragen 1740 \u20ac, zahlbar als Einmalzahlung oder in 6 bzw. 12 gleichen monatlichen Raten zu je 300 \u20ac bzw. 150 \u20ac.<\/p>\n<p class=\"p2\">Der Preis f\u00fcr die Ausbildung zum Ern\u00e4hrungsberater inklusive PLUS Paket betr\u00e4gt 1920 \u20ac, zahlbar als Einmalzahlung oder in 6 bzw. 12 gleichen monatlichen Raten zu je 330 \u20ac bzw. 165 \u20ac.<\/p>\n<p class=\"p2\">Der Preis f\u00fcr die Ausbildung zum Ern\u00e4hrungsberater inklusive PLUS und PRO Paket betr\u00e4gt 2640 \u20ac, zahlbar als Einmalzahlung oder in 6 bzw. 12 gleichen monatlichen Raten zu je 450 \u20ac bzw. 225 \u20ac.<\/p>\n<p class=\"p2\">Der Betrag wird erstmals bei Vertragsabschlu\u00df und dann bei Ratenbezahlung monatlich f\u00e4llig.<\/p>\n<p class=\"p2\">Zus\u00e4tzliche Vertiefungsmodule und ein Video-Zubereitungskurs k\u00f6nnen optional kostenpflichtig dazugebucht werden.<\/p>\n<h4 class=\"p2\"><strong>5. Vertragslaufzeit und Ku\u0308ndigungsregelungen<\/strong><\/h4>\n<p class=\"p2\">Die Vertragslaufzeit endet nach vollst\u00e4ndiger Bezahlung mit dem Bestehen des zweiten Pr\u00fcfungsteils bzw. nach vollst\u00e4ndiger Bezahlung nach 24 Monaten. Der Onlinezugriff auf die Ausbildungsmaterialien bleibt dar\u00fcber hinaus bestehen, die Pr\u00fcfungsabnahme ist innerhalb von 24 Monaten nach Anmeldung m\u00f6glich. Der Vertrag hat eine Mindestlaufzeit von 3 Monaten.<\/p>\n<p class=\"p2\">Dieser Fernausbildungsvertrag kann durch die\/den Teilnehmenden ohne Angabe von Gru\u0308nden erstmals zum\u00a0Ende des dritten Monats nach Vertragsabschluss mit einer Frist von 4 Wochen zum Monatsende geku\u0308ndigt\u00a0werden.<\/p>\n<p class=\"p2\">Das Recht des Veranstalters und der\/des Teilnehmenden, diesen Vertrag jederzeit aus wichtigem Grund zu\u00a0ku\u0308ndigen, bleibt unberu\u0308hrt. Fu\u0308r den Veranstalter liegt ein wichtiger Grund zur Ku\u0308ndigung insbesondere bei\u00a0Zahlungsverzug und bei Versto\u00df gegen gewerbliche und\/oder Urheberrechte oder sonstige Rechte des Veranstalters\u00a0vor. In diesen F\u00e4llen erfolgt keine Ru\u0308ckerstattung bereits bezahlter Gebu\u0308hren.<\/p>\n<p class=\"p2\">Die Ku\u0308ndigung muss schriftlich erfolgen. Im Falle der Ku\u0308ndigung hat die\/der Teilnehmende nur den Anteil der\u00a0Vergu\u0308tung zu entrichten, der dem Wert der Leistungen des Veranstalters w\u00e4hrend der Laufzeit des Vertrages\u00a0entspricht.<\/p>\n<h4 class=\"p2\"><strong>6. Vorbildungs- und Pru\u0308fungsvoraussetzungen<\/strong><\/h4>\n<p class=\"p2\">Fu\u0308r die Teilnahme an der Fernausbildung ist keine Vorbildung erforderlich. Die\/Der Teilnehmende erkl\u00e4rt, Zugang zum Internet zu haben, da der Pru\u0308fungsteil I online erfolgt. Die\/Der Teilnehmende stellt die Voraussetzungen fu\u0308r den Internetzugang in eigener Verantwortung und auf eigene Kosten bereit.<\/p>\n<p class=\"p2\">Zulassungsvoraussetzung fu\u0308r die Pru\u0308fung ist die ausreichende Vorbereitung in Eigenverantwortung.<\/p>\n<p class=\"p2\">Die\/Der Teilnehmende ben\u00f6tigt keine u\u0308ber die seitens des Veranstalters gelieferten Lehrmaterialien hinausgehenden Arbeitsmaterialien.<\/p>\n<h4 class=\"p2\"><strong>7. Verl\u00e4ngerung der Ausbildungsdauer<\/strong><\/h4>\n<p class=\"p2\">Bei nicht erfolgter Abschlusspr\u00fcfung innerhalb der 24 Monate kann gegen eine Geb\u00fchr von 99\u20ac das Pr\u00fcfungszeitfenster um weitere 12 Monate verl\u00e4ngert werden.<\/p>\n<h4><strong>8. Haftung<\/strong><\/h4>\n<p class=\"p2\">Der Veranstalter haftet nicht fu\u0308r Sch\u00e4den, die sich mittelbar oder unmittelbar aus der Durchfu\u0308hrung der\u00a0Fernausbildung ergeben, sofern sie nicht auf einer vors\u00e4tzlichen oder grob fahrl\u00e4ssigen Vertragsverletzung\u00a0beruhen.<\/p>\n<h4 class=\"p2\"><strong><br \/>9. Gerichtsstandsregelung<\/strong><\/h4>\n<p class=\"p2\">Fu\u0308r Streitigkeiten aus diesem Vertrag oder u\u0308ber das Bestehen eines solchen Vertrages ist ausschlie\u00dflich das\u00a0Gericht zust\u00e4ndig, in dessen Bezirk die\/der Teilnehmende ihren\/seinen Wohnsitz hat.<\/p>\n<h4 class=\"p2\"><strong><br \/>10. Schlussbestimmung<\/strong><\/h4>\n<p class=\"p2\">Mu\u0308ndliche Nebenabreden bedu\u0308rfen zu ihrer Wirksamkeit der Schriftform.<\/p>\n<p class=\"p2\">Sollte eine Bestimmung dieses Vertrages rechtsunwirksam sein oder werden, so bleiben die u\u0308brigen Bestimmungen hiervon unber\u00fchrt.<\/p>\n<h4 class=\"p2\"><strong><br \/>11. Widerruf \/ Widerrufsbelehrung<\/strong><\/h4>\n<h4><strong>Wiederrufsrecht<\/strong><\/h4>\n<p class=\"p2\">Sie haben das Recht, binnen vierzehn Tagen ohne Angabe von Gru\u0308nden diesen Vertrag zu widerrufen.Die\u00a0Widerrufsfrist betr\u00e4gt vierzehn Tage ab dem Tag des Vertragsabschlusses, bzw. ab dem Tag an dem Sie oder\u00a0ein von Ihnen benannter Dritter, der nicht der Bef\u00f6rderer ist, die erste Ware in Besitz genommen haben.<\/p>\n<p class=\"p2\">Um Ihr Widerrufsrecht auszuu\u0308ben, muss der Teilnehmer dem Veranstalter mittels einer eindeutigen Erkl\u00e4rung\u00a0(z.B. ein mit der Post versandter Brief oder E-Mail) u\u0308ber Ihren Entschluss, diesen Vertrag zu widerrufen,\u00a0informieren. Ein Widerrufs-Muster-Formular k\u00f6nnen sie unter folgendem Link herunterladen: <a href=\"https:\/\/deine-ernaehrung.de\/ausbildung\/wp-content\/uploads\/2023\/04\/Widerrufsformular.pdf\">muster-widerrufsformular.pdf<\/a><\/p>\n<p class=\"p2\">Der Widerruf ist zu richten an: Deine Ern\u00e4hrung, Ju\u0308rgen Eder, Johann-Mutter-Str. 23, 86899 Landsberg,<\/p>\n<p class=\"p2\">E-Mail: <a href=\"mailto:info@deine-ernaehrung.de\">info@deine-ernaehrung.de<\/a><\/p>\n<p class=\"p2\">Zur Wahrung der Widerrufsfrist reicht es aus, dass der Teilnehmer die Mitteilung u\u0308ber die Ausu\u0308bung des\u00a0Widerrufsrechts vor Ablauf der Widerrufsfrist absenden.<\/p>\n<h4 class=\"p2\"><strong>Folgen des Widerrufs<\/strong><\/h4>\n<p class=\"p2\">Wenn Sie diesen Vertrag widerrufen, haben wir Ihnen alle Zahlungen, die wir von Ihnen erhalten haben, einschlie\u00dflich der Lieferkosten (mit Ausnahme der zus\u00e4tzlichen Kosten, die sich daraus ergeben, dass Sie eine andere Art der Lieferung als die von uns angebotene, gu\u0308nstigste Standardlieferung gew\u00e4hlt haben), unverzu\u0308glich und sp\u00e4testens binnen vierzehn Tagen ab dem Tag zuru\u0308ckzuzahlen, an dem die Mitteilung u\u0308ber Ihren Widerruf dieses Vertrags bei uns eingegangen ist. Fu\u0308r diese Ru\u0308ckzahlung verwenden wir dasselbe Zahlungsmittel, das Sie bei der urspru\u0308nglichen Transaktion eingesetzt haben, es sei denn, mit Ihnen wurde ausdru\u0308cklich etwas anderes vereinbart; in keinem Fall werden Ihnen wegen dieser Ru\u0308ckzahlung Entgelte berechnet. Wir k\u00f6nnen die Ru\u0308ckzahlung verweigern, bis wir die Ausbildungsunterlagen wieder zuru\u0308ckerhalten haben oder bis Sie den Nachweis erbracht haben, dass Sie die Waren zuru\u0308ckgesandt haben, je nachdem, welches der fru\u0308here Zeitpunkt ist.<\/p>\n<p class=\"p2\">Sie haben die Waren unverzu\u0308glich, unversehrt und in jedem Fall sp\u00e4testens binnen vierzehn Tagen ab dem\u00a0Tag, an dem Sie uns u\u0308ber den Widerruf dieses Vertrags unterrichten, an uns zuru\u0308ckzusenden oder zu u\u0308bergeben.\u00a0Die Frist ist gewahrt, wenn Sie die Waren vor Ablauf der Frist von vierzehn Tagen absenden. Sie tragen\u00a0die unmittelbaren Kosten der Ru\u0308cksendung der Waren. Sie mu\u0308ssen fu\u0308r einen etwaigen Wertverlust der\u00a0Ausbildungsunterlagen nur aufkommen, wenn dieser Wertverlust auf einen zur Pru\u0308fung der Beschaffenheit,\u00a0Eigenschaften und Funktionsweise der Waren nicht notwendigen Umgang mit ihnen zuru\u0308ckzufu\u0308hren ist.<\/p>\n<h4 class=\"p2\"><strong>Ihr direkter Kontakt:<\/strong><\/h4>\n<p class=\"p2\">Deine Ern\u00e4hrung Akademie<br \/>Tel: +49 8191 989 464<br \/>E-Mail: info@deine-ernaehrung.de<span style=\"font-size: 22px;\"><\/span><\/p>\n<p>[\/et_pb_text][\/et_pb_column][\/et_pb_row][\/et_pb_section]<\/p>\n<span class=\"et_bloom_bottom_trigger\"><\/span>","protected":false},"excerpt":{"rendered":"<p>Fernausbildungsvertrag1. Inhalt und Dauer der Fernausbildung Gegenstand der Fernausbildung \u201eErn\u00e4hrungsberater\/in (Schwerpunkt roh vegan)\u201c sind 28 Lehrbriefe, die in den sechs Ausbildungsmodulen enthalten sind und ein Praxisbuch. Die Ausbildungssprache ist Deutsch. Die Ausbildung ist staatlich zugelassen unter der ZFU Zulassungsnummer 7325618. Folgende Themenbereiche sind abgedeckt: Ern\u00e4hrung des Menschen, von der Urzeit zur Industrienahrung Anatomie des Menschen, [&hellip;]<\/p>\n","protected":false},"author":1,"featured_media":0,"parent":0,"menu_order":0,"comment_status":"closed","ping_status":"closed","template":"","meta":{"_acf_changed":false,"_et_pb_use_builder":"on","_et_pb_old_content":"","_et_gb_content_width":"","footnotes":""},"class_list":["post-11950","page","type-page","status-publish","hentry"],"acf":[],"jetpack_sharing_enabled":true,"_links":{"self":[{"href":"https:\/\/deine-ernaehrung.de\/ausbildung\/wp-json\/wp\/v2\/pages\/11950","targetHints":{"allow":["GET"]}}],"collection":[{"href":"https:\/\/deine-ernaehrung.de\/ausbildung\/wp-json\/wp\/v2\/pages"}],"about":[{"href":"https:\/\/deine-ernaehrung.de\/ausbildung\/wp-json\/wp\/v2\/types\/page"}],"author":[{"embeddable":true,"href":"https:\/\/deine-ernaehrung.de\/ausbildung\/wp-json\/wp\/v2\/users\/1"}],"replies":[{"embeddable":true,"href":"https:\/\/deine-ernaehrung.de\/ausbildung\/wp-json\/wp\/v2\/comments?post=11950"}],"version-history":[{"count":10,"href":"https:\/\/deine-ernaehrung.de\/ausbildung\/wp-json\/wp\/v2\/pages\/11950\/revisions"}],"predecessor-version":[{"id":14032,"href":"https:\/\/deine-ernaehrung.de\/ausbildung\/wp-json\/wp\/v2\/pages\/11950\/revisions\/14032"}],"wp:attachment":[{"href":"https:\/\/deine-ernaehrung.de\/ausbildung\/wp-json\/wp\/v2\/media?parent=11950"}],"curies":[{"name":"wp","href":"https:\/\/api.w.org\/{rel}","templated":true}]}}