{"id":11406,"date":"2019-06-18T11:56:32","date_gmt":"2019-06-18T09:56:32","guid":{"rendered":"http:\/\/deine-ernaehrung.de\/ausbildung\/?page_id=11406"},"modified":"2025-04-15T18:47:08","modified_gmt":"2025-04-15T16:47:08","slug":"absolvent-1","status":"publish","type":"page","link":"https:\/\/deine-ernaehrung.de\/ausbildung\/absolvent-1\/","title":{"rendered":"Absolvent 1"},"content":{"rendered":"<p>[et_pb_section fb_built=&#8220;1&#8243; _builder_version=&#8220;4.16&#8243; custom_padding=&#8220;48px|0px|49px|0px|false|false&#8220; global_colors_info=&#8220;{}&#8220;][et_pb_row column_structure=&#8220;1_2,1_2&#8243; _builder_version=&#8220;4.16&#8243; max_width=&#8220;1280px&#8220; use_custom_width=&#8220;on&#8220; custom_width_px=&#8220;1280px&#8220; global_colors_info=&#8220;{}&#8220;][et_pb_column type=&#8220;1_2&#8243; _builder_version=&#8220;4.16&#8243; custom_padding=&#8220;|||&#8220; global_colors_info=&#8220;{}&#8220; custom_padding__hover=&#8220;|||&#8220;][et_pb_image src=&#8220;https:\/\/deine-ernaehrung.de\/ausbildung\/wp-content\/uploads\/2019\/04\/Absolvent-1.jpg&#8220; align_tablet=&#8220;center&#8220; align_phone=&#8220;&#8220; align_last_edited=&#8220;on|desktop&#8220; _builder_version=&#8220;4.16&#8243; border_radii=&#8220;on|3px|3px|3px|3px&#8220; global_colors_info=&#8220;{}&#8220;]&nbsp;<br \/>\n[\/et_pb_image][et_pb_text _builder_version=&#8220;4.16&#8243; text_font=&#8220;|300|on||||||&#8220; text_text_color=&#8220;#dd8da9&#8243; text_font_size=&#8220;29px&#8220; text_line_height=&#8220;1.1em&#8220; max_width=&#8220;550px&#8220; custom_padding=&#8220;10px|||&#8220; global_colors_info=&#8220;{}&#8220;]\u201eDie Ausbildung zum Ern\u00e4hrungsberater mit dem Schwerpunkt der roh-veganen Ern\u00e4hrung sehe ich als die gelungene Abrundung meiner Kompetenzen\u201c<br \/>\n[\/et_pb_text][\/et_pb_column][et_pb_column type=&#8220;1_2&#8243; _builder_version=&#8220;4.16&#8243; custom_padding=&#8220;|||&#8220; global_colors_info=&#8220;{}&#8220; custom_padding__hover=&#8220;|||&#8220;][et_pb_text _builder_version=&#8220;4.16&#8243; text_font=&#8220;||on||||||&#8220; text_text_color=&#8220;#dd8da9&#8243; text_font_size=&#8220;21px&#8220; custom_margin=&#8220;0px||0px|&#8220; global_colors_info=&#8220;{}&#8220;]Claudia Gehrig<br \/>\n[\/et_pb_text][et_pb_text disabled_on=&#8220;off|off|off&#8220; _builder_version=&#8220;4.16&#8243; custom_margin=&#8220;||10px||false|false&#8220; global_colors_info=&#8220;{}&#8220;]<\/p>\n<h2>Dipl. Natur\u00e4rztin, Hom\u00f6opathin, Ern\u00e4hrungsberaterin<\/h2>\n<p>[\/et_pb_text][et_pb_text _builder_version=&#8220;4.27.4&#8243; hover_enabled=&#8220;0&#8243; global_colors_info=&#8220;{}&#8220; sticky_enabled=&#8220;0&#8243;]<\/p>\n<p>Ich bin Naturheilpraktikerin, Hom\u00f6opathin und \u201eHippocrates Lifestyle Medicine Coach\u201c.\u00a0 Viele Jahre habe ich meine Klienten nach Metabolic Balance beraten, ein Ern\u00e4hrungsprogramm vorwiegend f\u00fcr Fleischesser und Vegetarier. Da sich immer mehr Menschen vegan ern\u00e4hren wollen, kam ich damit mehr und mehr an meine Grenzen.<\/p>\n<p>Wie bleibt man bei veganer Ern\u00e4hrung gesund? Welche Kriterien gibt es zu beachten? Diese Fragen und auch meine Tocher, welche von sich aus vegan leben m\u00f6chte, f\u00fchrten mich zu \u201eDeine Ern\u00e4hrung\u201c.<\/p>\n<p>Das angebotene Spektrum hat mich sofort begeistert.<\/p>\n<p><strong>Die strukturierte Wissensvermittlung der Fernausbildung zum <a href=\"https:\/\/www.naturheilpraxis-gehrig.ch\/vegane-ernaehrungsberatung\/\" target=\"_blank\" rel=\"noopener\">Ganzheitlichen Ern\u00e4hrungsberater<\/a> und die Vielfalt alltagstauglicher roh-veganer Rezeptideen waren f\u00fcr mein Portfolio die optimale Erg\u00e4nzung.<\/strong><\/p>\n<p><span style=\"font-weight: 400;\">Heute kann ich meine Tochter optimal unterst\u00fctzen und meine\u00a0 Kunden umfassend betreuen und auch jeglichen Skeptikern kompetent begegnen. <br \/><\/span><\/p>\n<p><span style=\"font-weight: 400;\">Es bringt mir Gelassenheit, zu wissen, dass es auch anders geht \u2013 eben vegan und gewusst wie \u2013 viel ges\u00fcnder. Dank der Ausbildung wei\u00df ich, wie kritische N\u00e4hrstoffe in der veganen Ern\u00e4hrung wie beispielsweise Proteine und Eisen optimal f\u00fcr unseren K\u00f6rper verf\u00fcgbar sind und wie wir uns vor allem vor degenerativen Krankheiten sch\u00fctzen k\u00f6nnen.<\/span><\/p>\n<p>Claudia<\/p>\n<div class=\"\"><a href=\"https:\/\/www.naturheilpraxis-gehrig.ch\/\" target=\"_blank\" rel=\"noopener\">www.naturheilpraxis-gehrig.ch<\/a><\/div>\n<p>&nbsp;<\/p>\n<p>[\/et_pb_text][\/et_pb_column][\/et_pb_row][\/et_pb_section][et_pb_section fb_built=&#8220;1&#8243; _builder_version=&#8220;4.14.7&#8243; background_image=&#8220;https:\/\/deine-ernaehrung.de\/ausbildung\/wp-content\/uploads\/2019\/09\/Zwischenbild_05.jpg&#8220; background_position=&#8220;top_center&#8220; custom_padding=&#8220;|||&#8220; global_module=&#8220;795&#8243; saved_tabs=&#8220;all&#8220; collapsed=&#8220;off&#8220; global_colors_info=&#8220;{}&#8220;][et_pb_row _builder_version=&#8220;4.16&#8243; max_width=&#8220;663px&#8220; custom_margin=&#8220;40px||40px|&#8220; custom_padding=&#8220;30px|||&#8220; use_custom_width=&#8220;on&#8220; custom_width_px=&#8220;663px&#8220; global_colors_info=&#8220;{}&#8220;][et_pb_column type=&#8220;4_4&#8243; _builder_version=&#8220;4.16&#8243; custom_padding=&#8220;|||&#8220; global_colors_info=&#8220;{}&#8220; custom_padding__hover=&#8220;|||&#8220;][et_pb_code _builder_version=&#8220;4.16&#8243; global_colors_info=&#8220;{}&#8220;][\/et_pb_code][et_pb_text _builder_version=&#8220;4.16&#8243; text_font=&#8220;Source Sans Pro|on|||&#8220; text_font_size=&#8220;55px&#8220; text_line_height=&#8220;1em&#8220; text_orientation=&#8220;center&#8220; background_layout=&#8220;dark&#8220; custom_margin=&#8220;||3px|&#8220; custom_margin_tablet=&#8220;&#8220; custom_margin_phone=&#8220;&#8220; custom_margin_last_edited=&#8220;on|phone&#8220; text_font_size_tablet=&#8220;45px&#8220; text_font_size_phone=&#8220;27px&#8220; text_font_size_last_edited=&#8220;on|phone&#8220; global_colors_info=&#8220;{}&#8220;]<\/p>\n<p>Bei weiteren Fragen sind wir gerne f\u00fcr dich da!<\/p>\n<p>[\/et_pb_text][et_pb_text _builder_version=&#8220;4.16&#8243; text_font=&#8220;Arimo||||&#8220; text_font_size=&#8220;25px&#8220; text_line_height=&#8220;1em&#8220; text_orientation=&#8220;center&#8220; background_layout=&#8220;dark&#8220; custom_margin=&#8220;21px||21px||true|false&#8220; text_font_size_tablet=&#8220;22px&#8220; text_font_size_phone=&#8220;19px&#8220; text_font_size_last_edited=&#8220;on|phone&#8220; global_colors_info=&#8220;{}&#8220;]<span style=\"margin-top: 12px;\">Wir freuen uns \u00fcber deine Anfrage!<\/span><\/p>\n<p>[\/et_pb_text][et_pb_button button_url=&#8220;https:\/\/deine-ernaehrung.de\/ausbildung\/beratungsgespraech\/&#8220; button_text=&#8220;Beratungsgespr\u00e4ch vereinbaren&#8220; button_alignment=&#8220;center&#8220; _builder_version=&#8220;4.16&#8243; custom_button=&#8220;on&#8220; button_text_color=&#8220;#ffffff&#8220; button_font=&#8220;||||||||&#8220; button_use_icon=&#8220;off&#8220; custom_margin=&#8220;15px|||&#8220; button_text_color_hover=&#8220;#ffffff&#8220; button_border_color_hover=&#8220;#ffffff&#8220; button_letter_spacing_hover=&#8220;1px&#8220; button_bg_color_hover=&#8220;rgba(0,0,0,0)&#8220; global_colors_info=&#8220;{}&#8220; button_text_size__hover_enabled=&#8220;off&#8220; button_text_size__hover=&#8220;null&#8220; button_one_text_size__hover_enabled=&#8220;off&#8220; button_one_text_size__hover=&#8220;null&#8220; button_two_text_size__hover_enabled=&#8220;off&#8220; button_two_text_size__hover=&#8220;null&#8220; button_text_color__hover_enabled=&#8220;on&#8220; button_text_color__hover=&#8220;#ffffff&#8220; button_one_text_color__hover_enabled=&#8220;off&#8220; button_one_text_color__hover=&#8220;null&#8220; button_two_text_color__hover_enabled=&#8220;off&#8220; button_two_text_color__hover=&#8220;null&#8220; button_border_width__hover_enabled=&#8220;off&#8220; button_border_width__hover=&#8220;null&#8220; button_one_border_width__hover_enabled=&#8220;off&#8220; button_one_border_width__hover=&#8220;null&#8220; button_two_border_width__hover_enabled=&#8220;off&#8220; button_two_border_width__hover=&#8220;null&#8220; button_border_color__hover_enabled=&#8220;on&#8220; button_border_color__hover=&#8220;#ffffff&#8220; button_one_border_color__hover_enabled=&#8220;off&#8220; button_one_border_color__hover=&#8220;null&#8220; button_two_border_color__hover_enabled=&#8220;off&#8220; button_two_border_color__hover=&#8220;null&#8220; button_border_radius__hover_enabled=&#8220;off&#8220; button_border_radius__hover=&#8220;null&#8220; button_one_border_radius__hover_enabled=&#8220;off&#8220; button_one_border_radius__hover=&#8220;null&#8220; button_two_border_radius__hover_enabled=&#8220;off&#8220; button_two_border_radius__hover=&#8220;null&#8220; button_letter_spacing__hover_enabled=&#8220;on&#8220; button_letter_spacing__hover=&#8220;1px&#8220; button_one_letter_spacing__hover_enabled=&#8220;off&#8220; button_one_letter_spacing__hover=&#8220;null&#8220; button_two_letter_spacing__hover_enabled=&#8220;off&#8220; button_two_letter_spacing__hover=&#8220;null&#8220; button_bg_color__hover_enabled=&#8220;on&#8220; button_bg_color__hover=&#8220;rgba(0,0,0,0)&#8220; button_one_bg_color__hover_enabled=&#8220;off&#8220; button_one_bg_color__hover=&#8220;null&#8220; button_two_bg_color__hover_enabled=&#8220;off&#8220; button_two_bg_color__hover=&#8220;null&#8220;][\/et_pb_button][\/et_pb_column][\/et_pb_row][et_pb_row _builder_version=&#8220;4.16&#8243; global_colors_info=&#8220;{}&#8220;][et_pb_column type=&#8220;4_4&#8243; _builder_version=&#8220;4.16&#8243; custom_padding=&#8220;|||&#8220; global_colors_info=&#8220;{}&#8220; custom_padding__hover=&#8220;|||&#8220;][et_pb_text _builder_version=&#8220;4.16&#8243; global_colors_info=&#8220;{}&#8220;][\/et_pb_text][\/et_pb_column][\/et_pb_row][\/et_pb_section]<\/p>\n<span class=\"et_bloom_bottom_trigger\"><\/span>","protected":false},"excerpt":{"rendered":"<p>&nbsp; \u201eDie Ausbildung zum Ern\u00e4hrungsberater mit dem Schwerpunkt der roh-veganen Ern\u00e4hrung sehe ich als die gelungene Abrundung meiner Kompetenzen\u201c Claudia Gehrig Dipl. Natur\u00e4rztin, Hom\u00f6opathin, Ern\u00e4hrungsberaterinIch bin Naturheilpraktikerin, Hom\u00f6opathin und \u201eHippocrates Lifestyle Medicine Coach\u201c.\u00a0 Viele Jahre habe ich meine Klienten nach Metabolic Balance beraten, ein Ern\u00e4hrungsprogramm vorwiegend f\u00fcr Fleischesser und Vegetarier. Da sich immer mehr Menschen [&hellip;]<\/p>\n","protected":false},"author":1,"featured_media":0,"parent":0,"menu_order":0,"comment_status":"closed","ping_status":"closed","template":"","meta":{"_acf_changed":false,"_et_pb_use_builder":"on","_et_pb_old_content":"","_et_gb_content_width":"","footnotes":""},"class_list":["post-11406","page","type-page","status-publish","hentry"],"acf":[],"jetpack_sharing_enabled":true,"_links":{"self":[{"href":"https:\/\/deine-ernaehrung.de\/ausbildung\/wp-json\/wp\/v2\/pages\/11406","targetHints":{"allow":["GET"]}}],"collection":[{"href":"https:\/\/deine-ernaehrung.de\/ausbildung\/wp-json\/wp\/v2\/pages"}],"about":[{"href":"https:\/\/deine-ernaehrung.de\/ausbildung\/wp-json\/wp\/v2\/types\/page"}],"author":[{"embeddable":true,"href":"https:\/\/deine-ernaehrung.de\/ausbildung\/wp-json\/wp\/v2\/users\/1"}],"replies":[{"embeddable":true,"href":"https:\/\/deine-ernaehrung.de\/ausbildung\/wp-json\/wp\/v2\/comments?post=11406"}],"version-history":[{"count":9,"href":"https:\/\/deine-ernaehrung.de\/ausbildung\/wp-json\/wp\/v2\/pages\/11406\/revisions"}],"predecessor-version":[{"id":14406,"href":"https:\/\/deine-ernaehrung.de\/ausbildung\/wp-json\/wp\/v2\/pages\/11406\/revisions\/14406"}],"wp:attachment":[{"href":"https:\/\/deine-ernaehrung.de\/ausbildung\/wp-json\/wp\/v2\/media?parent=11406"}],"curies":[{"name":"wp","href":"https:\/\/api.w.org\/{rel}","templated":true}]}}

<p>[et_pb_section fb_built=&#8220;1&#8243; _builder_version=&#8220;4.16&#8243; custom_padding=&#8220;48px|0px|49px|0px|false|false&#8220; global_colors_info=&#8220;{}&#8220;][et_pb_row column_structure=&#8220;1_2,1_2&#8243; _builder_version=&#8220;4.16&#8243; max_width=&#8220;1280px&#8220; use_custom_width=&#8220;on&#8220; custom_width_px=&#8220;1280px&#8220; global_colors_info=&#8220;{}&#8220;][et_pb_column type=&#8220;1_2&#8243; _builder_version=&#8220;4.16&#8243; custom_padding=&#8220;|||&#8220; global_colors_info=&#8220;{}&#8220; custom_padding__hover=&#8220;|||&#8220;][et_pb_image src=&#8220;https://deine-ernaehrung.de/ausbildung/wp-content/uploads/2019/04/Absolvent-1.jpg&#8220; align_tablet=&#8220;center&#8220; align_phone=&#8220;&#8220; align_last_edited=&#8220;on|desktop&#8220; _builder_version=&#8220;4.16&#8243; border_radii=&#8220;on|3px|3px|3px|3px&#8220; global_colors_info=&#8220;{}&#8220;]&nbsp;<br />
[/et_pb_image][et_pb_text _builder_version=&#8220;4.16&#8243; text_font=&#8220;|300|on||||||&#8220; text_text_color=&#8220;#dd8da9&#8243; text_font_size=&#8220;29px&#8220; text_line_height=&#8220;1.1em&#8220; max_width=&#8220;550px&#8220; custom_padding=&#8220;10px|||&#8220; global_colors_info=&#8220;{}&#8220;]„Die Ausbildung zum Ernährungsberater mit dem Schwerpunkt der roh-veganen Ernährung sehe ich als die gelungene Abrundung meiner Kompetenzen“<br />
[/et_pb_text][/et_pb_column][et_pb_column type=&#8220;1_2&#8243; _builder_version=&#8220;4.16&#8243; custom_padding=&#8220;|||&#8220; global_colors_info=&#8220;{}&#8220; custom_padding__hover=&#8220;|||&#8220;][et_pb_text _builder_version=&#8220;4.16&#8243; text_font=&#8220;||on||||||&#8220; text_text_color=&#8220;#dd8da9&#8243; text_font_size=&#8220;21px&#8220; custom_margin=&#8220;0px||0px|&#8220; global_colors_info=&#8220;{}&#8220;]Claudia Gehrig<br />
[/et_pb_text][et_pb_text disabled_on=&#8220;off|off|off&#8220; _builder_version=&#8220;4.16&#8243; custom_margin=&#8220;||10px||false|false&#8220; global_colors_info=&#8220;{}&#8220;]</p>
<h2>Dipl. Naturärztin, Homöopathin, Ernährungsberaterin</h2>
<p>[/et_pb_text][et_pb_text _builder_version=&#8220;4.27.4&#8243; hover_enabled=&#8220;0&#8243; global_colors_info=&#8220;{}&#8220; sticky_enabled=&#8220;0&#8243;]</p>
<p>Ich bin Naturheilpraktikerin, Homöopathin und „Hippocrates Lifestyle Medicine Coach“.  Viele Jahre habe ich meine Klienten nach Metabolic Balance beraten, ein Ernährungsprogramm vorwiegend für Fleischesser und Vegetarier. Da sich immer mehr Menschen vegan ernähren wollen, kam ich damit mehr und mehr an meine Grenzen.</p>
<p>Wie bleibt man bei veganer Ernährung gesund? Welche Kriterien gibt es zu beachten? Diese Fragen und auch meine Tocher, welche von sich aus vegan leben möchte, führten mich zu „Deine Ernährung“.</p>
<p>Das angebotene Spektrum hat mich sofort begeistert.</p>
<p><strong>Die strukturierte Wissensvermittlung der Fernausbildung zum <a href="https://www.naturheilpraxis-gehrig.ch/vegane-ernaehrungsberatung/" target="_blank" rel="noopener">Ganzheitlichen Ernährungsberater</a> und die Vielfalt alltagstauglicher roh-veganer Rezeptideen waren für mein Portfolio die optimale Ergänzung.</strong></p>
<p><span style="font-weight: 400;">Heute kann ich meine Tochter optimal unterstützen und meine  Kunden umfassend betreuen und auch jeglichen Skeptikern kompetent begegnen. <br /></span></p>
<p><span style="font-weight: 400;">Es bringt mir Gelassenheit, zu wissen, dass es auch anders geht – eben vegan und gewusst wie – viel gesünder. Dank der Ausbildung weiß ich, wie kritische Nährstoffe in der veganen Ernährung wie beispielsweise Proteine und Eisen optimal für unseren Körper verfügbar sind und wie wir uns vor allem vor degenerativen Krankheiten schützen können.</span></p>
<p>Claudia</p>
<div class=""><a href="https://www.naturheilpraxis-gehrig.ch/" target="_blank" rel="noopener">www.naturheilpraxis-gehrig.ch</a></div>
<p>&nbsp;</p>
<p>[/et_pb_text][/et_pb_column][/et_pb_row][/et_pb_section][et_pb_section fb_built=&#8220;1&#8243; _builder_version=&#8220;4.14.7&#8243; background_image=&#8220;https://deine-ernaehrung.de/ausbildung/wp-content/uploads/2019/09/Zwischenbild_05.jpg&#8220; background_position=&#8220;top_center&#8220; custom_padding=&#8220;|||&#8220; global_module=&#8220;795&#8243; saved_tabs=&#8220;all&#8220; collapsed=&#8220;off&#8220; global_colors_info=&#8220;{}&#8220;][et_pb_row _builder_version=&#8220;4.16&#8243; max_width=&#8220;663px&#8220; custom_margin=&#8220;40px||40px|&#8220; custom_padding=&#8220;30px|||&#8220; use_custom_width=&#8220;on&#8220; custom_width_px=&#8220;663px&#8220; global_colors_info=&#8220;{}&#8220;][et_pb_column type=&#8220;4_4&#8243; _builder_version=&#8220;4.16&#8243; custom_padding=&#8220;|||&#8220; global_colors_info=&#8220;{}&#8220; custom_padding__hover=&#8220;|||&#8220;][et_pb_code _builder_version=&#8220;4.16&#8243; global_colors_info=&#8220;{}&#8220;][/et_pb_code][et_pb_text _builder_version=&#8220;4.16&#8243; text_font=&#8220;Source Sans Pro|on|||&#8220; text_font_size=&#8220;55px&#8220; text_line_height=&#8220;1em&#8220; text_orientation=&#8220;center&#8220; background_layout=&#8220;dark&#8220; custom_margin=&#8220;||3px|&#8220; custom_margin_tablet=&#8220;&#8220; custom_margin_phone=&#8220;&#8220; custom_margin_last_edited=&#8220;on|phone&#8220; text_font_size_tablet=&#8220;45px&#8220; text_font_size_phone=&#8220;27px&#8220; text_font_size_last_edited=&#8220;on|phone&#8220; global_colors_info=&#8220;{}&#8220;]</p>
<p>Bei weiteren Fragen sind wir gerne für dich da!</p>
<p>[/et_pb_text][et_pb_text _builder_version=&#8220;4.16&#8243; text_font=&#8220;Arimo||||&#8220; text_font_size=&#8220;25px&#8220; text_line_height=&#8220;1em&#8220; text_orientation=&#8220;center&#8220; background_layout=&#8220;dark&#8220; custom_margin=&#8220;21px||21px||true|false&#8220; text_font_size_tablet=&#8220;22px&#8220; text_font_size_phone=&#8220;19px&#8220; text_font_size_last_edited=&#8220;on|phone&#8220; global_colors_info=&#8220;{}&#8220;]<span style="margin-top: 12px;">Wir freuen uns über deine Anfrage!</span></p>
<p>[/et_pb_text][et_pb_button button_url=&#8220;https://deine-ernaehrung.de/ausbildung/beratungsgespraech/&#8220; button_text=&#8220;Beratungsgespräch vereinbaren&#8220; button_alignment=&#8220;center&#8220; _builder_version=&#8220;4.16&#8243; custom_button=&#8220;on&#8220; button_text_color=&#8220;#ffffff&#8220; button_font=&#8220;||||||||&#8220; button_use_icon=&#8220;off&#8220; custom_margin=&#8220;15px|||&#8220; button_text_color_hover=&#8220;#ffffff&#8220; button_border_color_hover=&#8220;#ffffff&#8220; button_letter_spacing_hover=&#8220;1px&#8220; button_bg_color_hover=&#8220;rgba(0,0,0,0)&#8220; global_colors_info=&#8220;{}&#8220; button_text_size__hover_enabled=&#8220;off&#8220; button_text_size__hover=&#8220;null&#8220; button_one_text_size__hover_enabled=&#8220;off&#8220; button_one_text_size__hover=&#8220;null&#8220; button_two_text_size__hover_enabled=&#8220;off&#8220; button_two_text_size__hover=&#8220;null&#8220; button_text_color__hover_enabled=&#8220;on&#8220; button_text_color__hover=&#8220;#ffffff&#8220; button_one_text_color__hover_enabled=&#8220;off&#8220; button_one_text_color__hover=&#8220;null&#8220; button_two_text_color__hover_enabled=&#8220;off&#8220; button_two_text_color__hover=&#8220;null&#8220; button_border_width__hover_enabled=&#8220;off&#8220; button_border_width__hover=&#8220;null&#8220; button_one_border_width__hover_enabled=&#8220;off&#8220; button_one_border_width__hover=&#8220;null&#8220; button_two_border_width__hover_enabled=&#8220;off&#8220; button_two_border_width__hover=&#8220;null&#8220; button_border_color__hover_enabled=&#8220;on&#8220; button_border_color__hover=&#8220;#ffffff&#8220; button_one_border_color__hover_enabled=&#8220;off&#8220; button_one_border_color__hover=&#8220;null&#8220; button_two_border_color__hover_enabled=&#8220;off&#8220; button_two_border_color__hover=&#8220;null&#8220; button_border_radius__hover_enabled=&#8220;off&#8220; button_border_radius__hover=&#8220;null&#8220; button_one_border_radius__hover_enabled=&#8220;off&#8220; button_one_border_radius__hover=&#8220;null&#8220; button_two_border_radius__hover_enabled=&#8220;off&#8220; button_two_border_radius__hover=&#8220;null&#8220; button_letter_spacing__hover_enabled=&#8220;on&#8220; button_letter_spacing__hover=&#8220;1px&#8220; button_one_letter_spacing__hover_enabled=&#8220;off&#8220; button_one_letter_spacing__hover=&#8220;null&#8220; button_two_letter_spacing__hover_enabled=&#8220;off&#8220; button_two_letter_spacing__hover=&#8220;null&#8220; button_bg_color__hover_enabled=&#8220;on&#8220; button_bg_color__hover=&#8220;rgba(0,0,0,0)&#8220; button_one_bg_color__hover_enabled=&#8220;off&#8220; button_one_bg_color__hover=&#8220;null&#8220; button_two_bg_color__hover_enabled=&#8220;off&#8220; button_two_bg_color__hover=&#8220;null&#8220;][/et_pb_button][/et_pb_column][/et_pb_row][et_pb_row _builder_version=&#8220;4.16&#8243; global_colors_info=&#8220;{}&#8220;][et_pb_column type=&#8220;4_4&#8243; _builder_version=&#8220;4.16&#8243; custom_padding=&#8220;|||&#8220; global_colors_info=&#8220;{}&#8220; custom_padding__hover=&#8220;|||&#8220;][et_pb_text _builder_version=&#8220;4.16&#8243; global_colors_info=&#8220;{}&#8220;][/et_pb_text][/et_pb_column][/et_pb_row][/et_pb_section]</p>
<span class="et_bloom_bottom_trigger"></span>

<p>&nbsp; „Die Ausbildung zum Ernährungsberater mit dem Schwerpunkt der roh-veganen Ernährung sehe ich als die gelungene Abrundung meiner Kompetenzen“ Claudia Gehrig Dipl. Naturärztin, Homöopathin, ErnährungsberaterinIch bin Naturheilpraktikerin, Homöopathin und „Hippocrates Lifestyle Medicine Coach“.  Viele Jahre habe ich meine Klienten nach Metabolic Balance beraten, ein Ernährungsprogramm vorwiegend für Fleischesser und Vegetarier. Da sich immer mehr Menschen [&hellip;]</p>
